ate the remainder when -5 + (-3)/(-1) + 4 is divided by k.
0
Calculate the remainder when -2 - (1*-108)/4 is divided by 9 - ((2 - 1) + 1).
4
Let m(d) be the first derivative of 2*d**2 - d - 6. Let o(k) = 9*k - 2. Let b(x) = -13*m(x) + 6*o(x). Calculate the remainder when b(11) is divided by 13.
10
Let w = 13 + -11. Let j be (-1)/(4/(184/w)). Let u = j - -36. What is the remainder when u is divided by 5?
3
Let b = 452 + -444. Calculate the remainder when 479 is divided by b.
7
Let q = 164 - 74. Let p(i) = i**2 + i + 16. What is the remainder when q is divided by p(-6)?
44
Let v be 2 + (0 - (-6)/3). Suppose 54 = v*s - 2*s. Suppose 4*m - 12 = 0, -3*h + s = h + m. Calculate the remainder when 16 is divided by h.
4
Let h(c) = -2*c + 33. Let b be 6/(-21) + (-130)/(-14). Suppose -4*r + 45 = 2*x - 51, -15 = 3*r. Calculate the remainder when x is divided by h(b).
13
Let m(y) = -y**3 + 6*y**2 - 7*y - 4. Let q be m(4). Suppose q = -4*p + 5*j + 29, -p = -4*p - 5*j + 13. Calculate the remainder when 28 is divided by p.
4
Let i(a) = -2*a + 28. Let z be (-1)/((-3)/(-6) + 0). Calculate the remainder when (35*z)/(0 - 2) is divided by i(5).
17
What is the remainder when ((-71)/3)/(13/(-39)) is divided by 18?
17
What is the remainder when (71 - 8) + -1 + -2 is divided by 8?
4
Suppose -4*b + 10*t - 7*t + 259 = 0, 0 = 2*b + 4*t - 124. What is the remainder when 382 is divided by b?
62
Suppose -5*z + 3*s + 190 = -2*s, 3*z = -3*s + 96. Suppose -c + 3*c = -5*k + 55, -c + 5 = 0. Calculate the remainder when z is divided by k.
8
Let p be (-147)/5 + 6/(-10). What is the remainder when 99 is divided by (-5)/p - 595/(-30)?
19
Suppose 27*l = 32*l - 15. Suppose 992 = 4*r - 4*o, -l*r - 4*o + 748 = -5*o. Calculate the remainder when r is divided by 21.
19
Let f(q) = -5*q**2 + 22*q + 7*q - q - 1 - q**3. What is the remainder when f(-9) is divided by 19?
14
Suppose -3*f + 5*f - 4 = 0. Suppose 3 = 3*m - f*c, m = -3*m + 4*c. What is the remainder when 6 is divided by m?
0
Let d(s) = 3*s**2 + s - 3. Let p be d(-3). Let f(q) = 6*q + 65. Let l be f(-13). Let u = l + p. What is the remainder when 31 is divided by u?
7
Suppose -2*x + 10 = 3*x. Suppose 0 = -0*h + x*h - 4. Suppose 7 = n + b, b = h*n + 4*b - 10. Calculate the remainder when 41 is divided by n.
8
Let l(w) = w**2 + 2*w. Suppose -5*d + 5*p - 3 = 12, -5*p = -2*d - 21. Calculate the remainder when 160/8 - (-1 - d) is divided by l(-4).
7
Let c = 102 - -55. What is the remainder when c is divided by 23?
19
Suppose 0 = t - 5*l + 3, 4*t + 4*l = 36. Suppose t = w - 0*w. Let z = 90 - 85. Calculate the remainder when w is divided by z.
2
Let c = -6 + 15. Suppose -a = -27 - 8. What is the remainder when a is divided by c?
8
Suppose -20*p = -24*p - 5*s + 307, 313 = 4*p - s. What is the remainder when 1322 is divided by p?
74
Let u = 44 + -42. Suppose -u*v + 4*v = -2*r, -2*v = -3*r + 25. Calculate the remainder when 6 is divided by r.
1
Suppose -7*v = -2*v + 130. Let f = 21 - -26. Let l = v + f. Calculate the remainder when l is divided by 6.
3
Let r = -93 + 130. What is the remainder when r is divided by 24?
13
Suppose 3*m - m + d = 83, -171 = -4*m - d. What is the remainder when m is divided by 31?
13
Suppose 5*z = 944 - 774. Calculate the remainder when 98 is divided by z.
30
Suppose -7*r = 3*r - 230. Suppose -9 - r = -g. Calculate the remainder when g is divided by 17.
15
Let x be 342/(-17) - -3*(-2)/(-51). Let r = 61 + x. What is the remainder when r is divided by 7?
6
Let h(d) = -d**3 - 3*d**2 + 5*d - 4. Let l(j) = j**3 + 3*j + 38. Let w be l(0). Let r = -26 + w. What is the remainder when h(-5) is divided by r?
9
Suppose 7*v = -19*v + 9282. Calculate the remainder when v is divided by 24.
21
Suppose 0 = -5*g + 19*g - 532. What is the remainder when 1/(-5) + 756/5 is divided by g?
37
Suppose -3*l + 3 + 24 = 0. Calculate the remainder when 60 is divided by l.
6
Suppose 19*p = -p + 60. What is the remainder when 132 is divided by p?
0
Suppose -y = 0, v + y + 0*y - 3 = 0. Suppose 0 = v*n - 62 + 17. Suppose 19*t - 56 = n*t. What is the remainder when 40 is divided by t?
12
Suppose -2 = 7*o - 2. Suppose o*m - 2*m + 2*v = -58, -3*m = 5*v - 79. What is the remainder when m is divided by 6?
4
Let s(j) = 70*j**3 + j**2 - 7*j + 5. Calculate the remainder when 413 is divided by s(1).
68
Let l(n) = -4 + 5 + n**2 - 2 + 4 - 10*n. Calculate the remainder when l(14) is divided by 31.
28
Let i = 42 + -36. Let d(k) = -k**3 + 4*k**2 + 14*k - 10. Calculate the remainder when 5 is divided by d(i).
1
Let t be ((-30)/20)/((-6)/16). Suppose 0 = k - t*k + 9. Let r = 3 + 0. Calculate the remainder when r is divided by k.
0
Let t(s) = s**3 + 43*s**2 - 43*s + 84. Calculate the remainder when 796 is divided by t(-44).
36
Suppose -3 = -q, -k + 5*q = 4*q - 82. What is the remainder when 1614 is divided by k?
84
Suppose -d + 45 = -5*u + 218, 4*u - 3*d - 134 = 0. Calculate the remainder when u is divided by 15.
5
Let y(j) = -j + 7. Let x be y(3). Suppose x*z + 26 = 98. Suppose 20*u - 58 = z*u. What is the remainder when u is divided by 15?
14
Suppose -12*u + 2 = -13*u. Let l be (0 + 2)/(u/(-212)). Suppose 9*p = 5*p + l. What is the remainder when p is divided by 18?
17
Suppose 3*u = -5*y + 199, 0 = -5*y - 326*u + 322*u + 197. Suppose -f - 5*n + 125 = 4*f, -4*n - 5 = -f. What is the remainder when y is divided by f?
20
Let y(v) = v + 3. Let k be y(-2). Calculate the remainder when 11 is divided by (5/(-5))/(k/(-8)).
3
Let t(h) = h**3 + 10*h**2 + 7*h - 8. What is the remainder when 19 is divided by t(-9)?
9
Suppose 0 = 7*w - 231. Calculate the remainder when 100 is divided by w.
1
Let h = 77 - 79. Calculate the remainder when 11 is divided by (-4)/h + 1 + 6.
2
Let z(g) = g**3 - 3*g**2 - 1. Let n(d) = 2*d**3 + 28*d**2 + d + 18. Let s be n(-14). What is the remainder when 70 is divided by z(s)?
10
Suppose -45 = -l - 19*w + 22*w, 5*l + 4*w = 320. What is the remainder when 1259 is divided by l?
59
Suppose 0 = 2*a + 7 - 17. Suppose 4*t - 5*t - 4*n = 0, -a*t + 110 = -2*n. What is the remainder when 54 is divided by t?
14
Let j = -3 + 14. Let g be (-17 - -2) + -4*(-1)/2. Let t(v) = v**2 + 6*v - 60. What is the remainder when t(g) is divided by j?
9
Let l(z) = z**3 + z**2 + z + 49. Let k be l(0). Suppose -k = -5*s - 3*d, s + 1 = 2*d + 16. What is the remainder when 20 is divided by s?
9
Let x = 5 + 27. Let b = -21 + x. Suppose 3*u + 19 = 4*u. What is the remainder when u is divided by b?
8
Let j be 27/6*(-2 + 16). Suppose j = -5*f + 8*f. What is the remainder when f is divided by 31/4 - 2/(-8)?
5
Let o = -1 + -14. Let b = -8 - o. Let q = 28 + -17. Calculate the remainder when q is divided by b.
4
Let v = 1198 + -981. What is the remainder when v is divided by 16?
9
Let f = -35 + 55. Suppose -2*n + 46 = 2*s, 4*n - s = -f + 137. What is the remainder when n is divided by -1 + 1 + 1 + 9?
8
Let d = -7 + 118. Let r = d + -38. Calculate the remainder when r is divided by 15.
13
Suppose 4*s - 84 = -0*s - 4*a, -5*s + 60 = -4*a. Let k = s + -10. What is the remainder when 17 is divided by k?
5
Let q be 2 + (-6)/2 - 1. Calculate the remainder when 3 - (4 - 1) - 22/q is divided by 3.
2
Suppose 3*r = -n + 8 + 32, 2*r = -5*n + 5. Suppose 0 = 3*l + 2*y - r + 103, 0 = -2*l - y - 58. Let k = 54 + l. What is the remainder when k is divided by 9?
8
Suppose 0 = -3*l + 5*g + 354, -24*l + 28*l + 2*g - 498 = 0. Calculate the remainder when l is divided by 13.
6
Suppose -k + 4*h = -5, -2*h + 2 = -5*k + 27. Suppose 4*u - 97 = -4*q + 5*q, u + k*q = -2. What is the remainder when 114 is divided by u?
22
Let q(j) = -j**3 + 28*j**2 - 28*j + 54. Calculate the remainder when q(27) is divided by 6.
3
What is the remainder when 43 is divided by 720/52 + 2/13?
1
Suppose -9 + 0 = -3*n. Calculate the remainder when 12 is divided by n.
0
Let q(u) = 9*u**2 + 11*u - 10. What is the remainder when q(-6) is divided by 42?
38
Let w = 501 + -468. Suppose 3*f - 25 = 2*l, -2*f + 12 + 4 = -2*l. Let j = f - -3. What is the remainder when w is divided by j?
9
What is the remainder when (-13)/(-65) - (-569)/5 is divided by 39?
36
Let h = -10 - -18. Let u = h + -4. Suppose -2*z - 10 = -u*z. What is the remainder when 13 is divided by z?
3
Let t(n) = -35*n - 308. Calculate the remainder when t(-11) is divided by 8.